g + 240 = 2*g. What is the remainder when 30 is divided by ((-15)/(-2))/(-3)*(-108)/g?
3
Let r(f) = -3*f**3 - 23*f**2 - 39*f + 8. What is the remainder when 387 is divided by r(-5)?
0
Suppose n - 83 = -4*o + o, -5*n + 9 = o. Calculate the remainder when (-28 + 27)/((-2)/346) is divided by o.
28
Let p(v) = -v**3 + 3*v**2 + 5*v + 3. Let y = 18 + -14. Let h = y + 21. What is the remainder when h is divided by p(4)?
4
Suppose 312 = 21*s - 17*s. Let l be ((-4)/3)/((-1)/s). Suppose -5*q + q = -l. Calculate the remainder when q is divided by 7.
5
Suppose 3*r = 5*r - 20. Suppose -p - v - 40 = -3*p, p - 3*v = r. Calculate the remainder when 86 is divided by p.
20
Let p = -525 - -608. What is the remainder when 241 is divided by p?
75
Suppose -2*n - 19 = -3*n. Suppose 9*i + n = 10*i. Let d = -7 - -11. What is the remainder when i is divided by d?
3
Let o = -110 - -47. Let p = o + 107. What is the remainder when 7 is divided by (p/154)/(1/21)?
1
Let i = 85 - 46. Calculate the remainder when i is divided by 1/5 + 2394/105 + -15.
7
Suppose 42 = -5*f - n - 6, f + 6 = n. What is the remainder when 204/f*(-1)/((-2)/(-3)) is divided by 7?
6
Suppose -b - 548 = -5*d + 716, 0 = -d - 5*b + 258. Calculate the remainder when d is divided by 249.
4
Let f(b) = 2*b**3 + b**2 + b + 1. Let p be (2/(-8))/(5/(-40)). What is the remainder when f(p) is divided by (-13)/(-3)*((6 - -7) + -10)?
10
Suppose -2*o = 9 - 31. Suppose 3*n + 4*n = -14. What is the remainder when (1/n)/((-4)/312) is divided by o?
6
Let w(b) = -b**3 - 14*b**2 - 2. Let z be w(-14). Calculate the remainder when 1 is divided by (-7 - (-8 + 0))/(z/(-2)).
0
Let g = -46 + 79. What is the remainder when 59 is divided by g?
26
Let q(g) = -21*g + 373. Calculate the remainder when q(6) is divided by 75.
22
Let r(d) = 2*d**2 - 2. Let q be (-28)/12 - (8/3 + -2). Calculate the remainder when 94 is divided by r(q).
14
Let t = -1263 + 1360. What is the remainder when t is divided by 30?
7
Let c = -32 + 20. Let u = c + 17. Suppose j = 4*p - 3*j - 96, u*j = -25. Calculate the remainder when p is divided by 13.
6
Let t be 2/10 + 3128/85. Suppose -45*p = -t*p - 168. What is the remainder when ((-24)/(-3))/((-1)/(-5)) is divided by p?
19
Suppose -5 - 4 = -3*q. Let y be (6/(-4) + 2)*10. Suppose q*f - 2*g + 5*g = 102, f - 30 = -y*g. Calculate the remainder when f is divided by 12.
11
Suppose 43 = 4*h - 1. Calculate the remainder when 30 is divided by (h/4)/((-1)/(-4)).
8
Suppose 2*g + 3*t = 46, -22*g - 3*t - 23 = -23*g. What is the remainder when g is divided by 3/(-6) - 50/(-4)?
11
Let z = 14 + -13. Let w be (0/11)/((-1)/z). Let b(u) = -u**2 + 12. Calculate the remainder when 57 is divided by b(w).
9
Suppose 5*x + 4 - 23 = u, -x + 17 = 2*u. Let w = -28 - -61. What is the remainder when 1701*u/78 + 2/13 is divided by w?
32
Let p = -63 + 62. Calculate the remainder when p/(2 - 4)*(20 + 2) is divided by 8.
3
Calculate the remainder when 121/(5/(-10) + 1 - 0) is divided by 43.
27
Let m = 9 + -63. Let a = m - -65. What is the remainder when 32 is divided by a?
10
Let d(m) = -2*m + 47. Suppose -2*i + 10 + 12 = 0. Calculate the remainder when d(i) is divided by 8.
1
Let p be 2*(-1)/(-2)*8. Suppose -2*j = -23 + 1. What is the remainder when j is divided by (-1 + 6)*p/10?
3
Let q(b) = 9*b**2 + 36*b - 38. Calculate the remainder when q(7) is divided by 47.
44
Let t = -121 - -179. Let n = 167 - 146. Calculate the remainder when t is divided by n.
16
Let u = -1 - -53. Suppose 0 = 4*m - 8 + 52. Let w = m - -22. What is the remainder when u is divided by w?
8
Suppose 5*d + 0*d = 325. Let i = 247 - 212. What is the remainder when d is divided by i?
30
Let v = -4 - -56. Suppose -5*q = a - v, 3*q = q - a + 19. Let s(d) = d**3 - 13*d**2 + 25*d - 5. Calculate the remainder when s(11) is divided by q.
6
Let n(b) = -3*b**2 + 9*b - 5. Let o be n(3). Let x(v) = v**3 + 7*v**2 + 4*v + 11. What is the remainder when x(o) is divided by 21?
20
What is the remainder when 214 is divided by 177/118*(131 - -1)?
16
Suppose 0 = -2*k + 5*k - 48. Let x be (-15 - -4) + -1 + 3. Calculate the remainder when 3/(x*4/(-552)) is divided by k.
14
Suppose -5*g + p = 396 - 1222, 0 = 4*g - 4*p - 648. Suppose -2*c + 4*i + g = 0, -c + 3*c - 3*i - 167 = 0. Calculate the remainder when c is divided by 22.
19
Suppose 8*h - 2*h - 36 = 0. What is the remainder when -8 + 264/32 + 230/8 is divided by h?
5
Let k(l) = -l**2 - 5*l + 5. Let w be k(-5). Let n(i) = i**2 + i - 7. Let q = 3 + 3. Calculate the remainder when n(w) is divided by q.
5
Suppose 0 = -5*w - 4*u + 120, w - u = -0*u + 33. Suppose 170 = -127*b + 144*b. What is the remainder when w is divided by b?
8
Let a(s) be the third derivative of s**5/12 - s**4/24 + s**3/6 + 10*s**2. Let f = 3 - 2. Calculate the remainder when a(f) is divided by 4.
1
Let n(a) = a**2 + 12*a. Let k be n(-6). Let x = -25 - k. Calculate the remainder when x is divided by 6.
5
What is the remainder when 989 is divided by ((-44)/(-6))/((-24)/(-180))?
54
Suppose -5*k = 6*k - 66. Calculate the remainder when 25*1/5 - 2*-3 is divided by k.
5
Suppose 0 = -8*c - c - 405. Calculate the remainder when 117 is divided by (-8)/3*c/3.
37
Let v be (-40)/(-30) + 76/6. Let o = -2 + v. Calculate the remainder when 47 is divided by o.
11
Suppose -3*u + 10*u - 49 = 0. What is the remainder when 24 is divided by u?
3
Suppose -6*s + 16 - 4 = 0. Suppose -3*j = s*k - 8*j - 34, 0 = 2*k + 3*j - 18. Let n(o) = -o**2 - o + 33. Calculate the remainder when n(0) is divided by k.
9
Let r = -39 - -39. Suppose 3*m - b = -0*m + 233, 4*m + b - 313 = r. Calculate the remainder when m is divided by 20.
18
Let a be 1 + 1 + (2 - 2). Suppose -2*y + 4*z + 38 = y, -3*z = -a*y + 26. Let j(i) = 2*i**2 + 4*i - 160. Calculate the remainder when j(9) is divided by y.
8
Suppose 3*a - a = 72. Suppose 20 = 18*v - 322. Calculate the remainder when a is divided by v.
17
What is the remainder when 372 is divided by (40/100 + 87/20)*20?
87
Let z(h) be the first derivative of h**4/4 + 3*h**3 - 3*h**2/2 - 12*h + 6. Suppose -4*t = -0*t - 112. Calculate the remainder when t is divided by z(-9).
13
Calculate the remainder when ((-369)/(-15))/(27/135) is divided by 25.
23
Let f = -175 - -423. Calculate the remainder when f is divided by 50.
48
Let b be 7 - 9/(3 - 0). Suppose 0 = -h + 2*q + q + 36, -22 = -h - b*q. Suppose -11*j = -10*j - 87. Calculate the remainder when j is divided by h.
27
Suppose -3*m = -135 + 63. What is the remainder when 46 is divided by m?
22
Let c be 5/((-10)/9)*-2. Calculate the remainder when 48/(-20)*(-30)/c is divided by 3.
2
Calculate the remainder when ((-81)/(-5))/((-12)/(-40)) is divided by 15.
9
What is the remainder when 6831/90 - ((-9)/(-30))/(-3) is divided by 43?
33
Let n(r) = -2*r**2 + 83*r - 55. Calculate the remainder when n(40) is divided by 25.
15
Let o be ((-215)/2)/((-1)/((-10)/(-5))). Suppose -5*p - 2*k + 271 = -k, -k - o = -4*p. What is the remainder when p is divided by 11?
10
Let g = 102 - 96. Calculate the remainder when g is divided by 4.
2
Let w = 426 + -410. What is the remainder when 141 is divided by w?
13
Let k(i) = i**2 - 3*i + 2. Let m(z) = 13*z**2 + 17*z + 39. What is the remainder when m(-2) is divided by k(-3)?
17
Suppose i + 4*i - 24 = -3*s, -4*s + 6 = -2*i. Let o be (0 - s)*(-3 + 1). Suppose 0 = r - 5, -5*r - o = -5*l - 1. Calculate the remainder when l is divided by 4.
2
Let c = -1006 + 346. Let n be (3/4)/(11/c). Calculate the remainder when 1 - (5 - 2) - n is divided by 11.
10
Suppose 4*d = 3*o + 21, -3*d - o - 2 = -8. Suppose 0 = d*f - 116 - 4. What is the remainder when f is divided by 9?
4
Let i(l) = 5*l**2 + 22*l - 15. Let s(k) = 3*k**2 + 11*k - 8. Let b(o) = 4*i(o) - 7*s(o). What is the remainder when 46 is divided by b(4)?
22
Let q(p) = 2*p - 3. Let f be q(4). Suppose -5*x = 5, 5*m - 80 = 2*m + f*x. Let a = 30 - m. Calculate the remainder when 16 is divided by a.
1
Suppose 31*l = 15*l + 3712. What is the remainder when l is divided by 59?
55
Suppose -3*j + 36 = 3*c, -3 - 1 = -c + j. Suppose c*z - 12*z + 136 = 0. Calculate the remainder when 67/(2/(-4)*-1) is divided by z.
32
Suppose 10*w - 179 = 271. Calculate the remainder when 128 is divided by w.
38
Suppose 162*p - 152*p - 230 = 0. Calculate the remainder when (-2)/4*(-175 + -7